{"id":21246085,"date":"2025-10-05T20:33:36","date_gmt":"2025-10-05T18:33:36","guid":{"rendered":"https:\/\/dev.funkydesign.net\/sama\/?page_id=21246085"},"modified":"2025-10-06T18:39:27","modified_gmt":"2025-10-06T16:39:27","slug":"evenemangssakerhet","status":"publish","type":"page","link":"https:\/\/dev.funkydesign.net\/sama\/evenemangssakerhet\/","title":{"rendered":"Evenemangss\u00e4kerhet"},"content":{"rendered":"<section class=\"bde-section-21246085-239 bde-section\">\n              \n  \n  \n\t\n\n  <div class=\"section-background-overlay\"><\/div>\n\n\n        <div class=\"section-shape-divider-wrapper section-shape-divider-wrapper--1\">\n          <span class=\"section-shape-divider\">\n                      <svg\n                xmlns=\"http:\/\/www.w3.org\/2000\/svg\"\n                viewBox=\"0 0 1440 320\"\n                preserveAspectRatio=\"none\"\n            >\n              <path fill=\"currentColor\" fill-opacity=\"1\" d=\"M0,64L48,85.3C96,107,192,149,288,192C384,235,480,277,576,261.3C672,245,768,171,864,128C960,85,1056,75,1152,58.7C1248,43,1344,21,1392,10.7L1440,0L1440,320L1392,320C1344,320,1248,320,1152,320C1056,320,960,320,864,320C768,320,672,320,576,320C480,320,384,320,288,320C192,320,96,320,48,320L0,320Z\"><\/path>\n            <\/svg>\n                    <\/span>\n      <\/div>\n  <div class=\"section-container\"><h1 class=\"bde-heading-21246085-240 bde-heading\" data-entrance=\"slideUp\">\nEvenemangss\u00e4kerhet\n<\/h1><\/div>\n<\/section><section class=\"bde-section-21246085-147 bde-section\">\n  \n  \n\t\n\n\n\n<div class=\"section-container\"><h1 class=\"bde-heading-21246085-148 bde-heading\" data-entrance=\"slideUp\">\nVi fixar det p\u00e5 fem enkla steg\n<\/h1><div class=\"bde-rich-text-21246085-222 bde-rich-text breakdance-rich-text-styles\" data-entrance=\"slideUp\">\n<p>Vi p\u00e5 SAM security har m\u00e5ng\u00e5rig erfarenhet av s\u00e4kerhet och service p\u00e5 olika typer av evenemang.<br \/>Koppla g\u00e4rna in oss i ett s\u00e5 tidigt skede som m\u00f6jligt f\u00f6r att skapa ett s\u00e5 s\u00e4kert och trevligt evenemang som m\u00f6jligt.<\/p>\n<\/div><div class=\"bde-grid-21246085-149 bde-grid\" data-entrance=\"slideUp\">\n  \n  \n\t\n\n\n\n<div class=\"bde-div-21246085-150 bde-div\">\n  \n  \n\t\n\n\n\n<div class=\"bde-rich-text-21246085-223 bde-rich-text breakdance-rich-text-styles\">\n<h2>Ordningsvakter<\/h2><p>V\u00e5ra ordningsvakter har genomg\u00e5tt grundutbildning, arenautbildning och g\u00e5r fortl\u00f6pande fortbildningar hos polisen och \u00e4r alla godk\u00e4nda av l\u00e4nsstyrelsen. Ordningsvakten skall i f\u00f6rsta hand uppr\u00e4tth\u00e5lla den allm\u00e4na ordningen p\u00e5 de platser de tj\u00e4nsterg\u00f6r. Vi st\u00e4ller h\u00f6ga krav p\u00e5 social kompetens och proffsigt bem\u00f6tande, f\u00f6r att skapa en milj\u00f6 f\u00f6r Er som kund och Era kunder med ett h\u00f6gt s\u00e4kerhets- och servicet\u00e4nkande. Arbetsledningen p\u00e5 SAM security har en gedigen och l\u00e5ng erfarenhet n\u00e4r det g\u00e4ller s\u00e4kerhetsarbeten i offentliga och publika milj\u00f6er. Vi separerar v\u00e5ra uppdrag som en enskild enhet med egen personal och vaktansvarig.<\/p><p><a href=\"https:\/\/polisen.se\/lagar-och-regler\/ordningsvakter\/\" target=\"_blank\" rel=\"noopener\">L\u00e4s mer om ordningsvakt hos polisen<\/a><\/p>\n<\/div>\n<\/div><div class=\"bde-div-21246085-228 bde-div\">\n  \n  \n\t\n\n\n\n<div class=\"bde-rich-text-21246085-229 bde-rich-text breakdance-rich-text-styles\">\n<h2>V\u00e4rdar<\/h2><p>V\u00e5ra v\u00e4rdar jobbar med konsten att f\u00e5 v\u00e5ra g\u00e4ster att k\u00e4nna sig extra v\u00e4lkomna! Arbetsuppgifterna f\u00f6r v\u00e4rden kan bland annat best\u00e5 i att ta emot och h\u00e4lsa g\u00e4sten v\u00e4lkommen, sk\u00f6ta g\u00e4stlista, kontrollera acces och ackrediteringar.<\/p><p>En duktig v\u00e4rd ser till att ni f\u00e5r n\u00f6jda kunder och som bekant \u00e4r en n\u00f6jd kund den b\u00e4sta marknadsf\u00f6ringen. Vi skr\u00e4ddarsyr v\u00e5ra v\u00e4rdar efter era behov och \u00f6nskem\u00e5l, allt f\u00f6r att ni skall f\u00e5 ett lyckat arrangemang.<\/p>\n<\/div>\n<\/div><div class=\"bde-div-21246085-154 bde-div\">\n  \n  \n\t\n\n\n\n<div class=\"bde-rich-text-21246085-225 bde-rich-text breakdance-rich-text-styles\">\n<h2>V\u00e4ktare<\/h2><p>V\u00e4ktarens fr\u00e4msta uppgift \u00e4r att f\u00f6rebygga, uppt\u00e4cka och avv\u00e4rja skada p\u00e5 person eller egendom. Alla v\u00e5ra v\u00e4ktare har genomg\u00e5tt b\u00e5de VU1 och VU2. Vi kan \u00e4ven erbjuda v\u00e4ktare med skyddsvakts- och tj\u00e4nstevapenskompetens.<\/p>\n<\/div>\n<\/div><div class=\"bde-div-21246085-226 bde-div\">\n  \n  \n\t\n\n\n\n<div class=\"bde-rich-text-21246085-227 bde-rich-text breakdance-rich-text-styles\">\n<h2>Sjukv\u00e5rd<\/h2><p>Ett flertal av v\u00e5ra anst\u00e4llda har n\u00e5gon form av utbildning inom v\u00e5rden i grunden. Detta g\u00f6r att vi kan h\u00e5lla en h\u00f6g s\u00e4kerhet n\u00e4r det g\u00e4ller skador p\u00e5 de evenemangen vi deltar vid.<\/p>\n<\/div>\n<\/div><div class=\"bde-div-21246085-230 bde-div\">\n  \n  \n\t\n\n\n\n<div class=\"bde-rich-text-21246085-231 bde-rich-text breakdance-rich-text-styles\">\n<h2>Publikv\u00e4rdar<\/h2><p>V\u00e5ra publikv\u00e4rdar jobbar som arrang\u00f6rens f\u00f6rl\u00e4ngda arm. Publikv\u00e4rden jobbar f\u00f6rst och fr\u00e4mst med service, men har \u00e4ven en viktig funktion i visitation, brandskydd, sjukv\u00e5rd och att iaktta och identifiera ordningsst\u00f6rningar. Alla v\u00e5ra publikv\u00e4rdar har genomg\u00e5tt SHL:s publikv\u00e4rdsutbildning och polisens visitationsutbildning.<\/p>\n<\/div>\n<\/div>\n<\/div><\/div>\n<\/section>","protected":false},"excerpt":{"rendered":"<p>Evenemangss\u00e4kerhet Vi fixar det p\u00e5 fem enkla steg Vi p\u00e5 SAM security har m\u00e5ng\u00e5rig erfarenhet av s\u00e4kerhet och service p\u00e5 olika typer av evenemang.Koppla g\u00e4rna in oss i ett s\u00e5 tidigt skede som m\u00f6jligt f\u00f6r att skapa ett s\u00e5 s\u00e4kert och trevligt evenemang som m\u00f6jligt. OrdningsvakterV\u00e5ra ordningsvakter har genomg\u00e5tt grundutbildning, arenautbildning och g\u00e5r fortl\u00f6pande fortbildningar [&hellip;]<\/p>\n","protected":false},"author":2,"featured_media":0,"parent":0,"menu_order":0,"comment_status":"closed","ping_status":"closed","template":"","meta":{"_acf_changed":false,"_breakdance_hide_in_design_set":false,"_breakdance_tags":"","footnotes":""},"class_list":["post-21246085","page","type-page","status-publish","hentry"],"acf":[],"_links":{"self":[{"href":"https:\/\/dev.funkydesign.net\/sama\/wp-json\/wp\/v2\/pages\/21246085","targetHints":{"allow":["GET"]}}],"collection":[{"href":"https:\/\/dev.funkydesign.net\/sama\/wp-json\/wp\/v2\/pages"}],"about":[{"href":"https:\/\/dev.funkydesign.net\/sama\/wp-json\/wp\/v2\/types\/page"}],"author":[{"embeddable":true,"href":"https:\/\/dev.funkydesign.net\/sama\/wp-json\/wp\/v2\/users\/2"}],"replies":[{"embeddable":true,"href":"https:\/\/dev.funkydesign.net\/sama\/wp-json\/wp\/v2\/comments?post=21246085"}],"version-history":[{"count":5,"href":"https:\/\/dev.funkydesign.net\/sama\/wp-json\/wp\/v2\/pages\/21246085\/revisions"}],"predecessor-version":[{"id":21246351,"href":"https:\/\/dev.funkydesign.net\/sama\/wp-json\/wp\/v2\/pages\/21246085\/revisions\/21246351"}],"wp:attachment":[{"href":"https:\/\/dev.funkydesign.net\/sama\/wp-json\/wp\/v2\/media?parent=21246085"}],"curies":[{"name":"wp","href":"https:\/\/api.w.org\/{rel}","templated":true}]}}