{"id":21246023,"date":"2025-10-05T17:30:50","date_gmt":"2025-10-05T15:30:50","guid":{"rendered":"https:\/\/dev.funkydesign.net\/sama\/?post_type=tjanst&#038;p=21246023"},"modified":"2025-10-06T19:48:18","modified_gmt":"2025-10-06T17:48:18","slug":"uthyrning-av-teknik","status":"publish","type":"tjanst","link":"https:\/\/dev.funkydesign.net\/sama\/tjanst\/uthyrning-av-teknik\/","title":{"rendered":"Uthyrning av teknik"},"content":{"rendered":"<div class=\"et_pb_module et_pb_post_title et_pb_post_title_0_tb_body et_pb_bg_layout_light et_pb_text_align_left\">\n<div class=\"et_pb_title_container\">\n<div class=\"et_pb_module et_pb_post_title et_pb_post_title_0_tb_body et_pb_bg_layout_light et_pb_text_align_left\">\n<div class=\"et_pb_title_container\">\n<h4 class=\"entry-title\">Uthyrning av kommunikationsradio och portabel repeater<\/h4>\n<\/div>\n<\/div>\n<div class=\"et_pb_module et_pb_post_content et_pb_post_content_0_tb_body\">\n<p>Vi erbjuder en komplett komradio-utrustning f\u00f6r uthyrning som passar f\u00f6r alla evenemang.<br \/>\nVid behov kan vi \u00e4ven bist\u00e5 med en portabel repeater f\u00f6r \u00f6kad r\u00e4ckvidd.<\/p>\n<\/div>\n<\/div>\n<\/div>\n","protected":false},"featured_media":21246257,"template":"","meta":{"_acf_changed":false},"class_list":["post-21246023","tjanst","type-tjanst","status-publish","has-post-thumbnail","hentry"],"acf":[],"_links":{"self":[{"href":"https:\/\/dev.funkydesign.net\/sama\/wp-json\/wp\/v2\/tjanst\/21246023","targetHints":{"allow":["GET"]}}],"collection":[{"href":"https:\/\/dev.funkydesign.net\/sama\/wp-json\/wp\/v2\/tjanst"}],"about":[{"href":"https:\/\/dev.funkydesign.net\/sama\/wp-json\/wp\/v2\/types\/tjanst"}],"wp:featuredmedia":[{"embeddable":true,"href":"https:\/\/dev.funkydesign.net\/sama\/wp-json\/wp\/v2\/media\/21246257"}],"wp:attachment":[{"href":"https:\/\/dev.funkydesign.net\/sama\/wp-json\/wp\/v2\/media?parent=21246023"}],"curies":[{"name":"wp","href":"https:\/\/api.w.org\/{rel}","templated":true}]}}

<div class="et_pb_module et_pb_post_title et_pb_post_title_0_tb_body et_pb_bg_layout_light et_pb_text_align_left">
<div class="et_pb_title_container">
<div class="et_pb_module et_pb_post_title et_pb_post_title_0_tb_body et_pb_bg_layout_light et_pb_text_align_left">
<div class="et_pb_title_container">
<h4 class="entry-title">Uthyrning av kommunikationsradio och portabel repeater</h4>
</div>
</div>
<div class="et_pb_module et_pb_post_content et_pb_post_content_0_tb_body">
<p>Vi erbjuder en komplett komradio-utrustning för uthyrning som passar för alla evenemang.<br />
Vid behov kan vi även bistå med en portabel repeater för ökad räckvidd.</p>
</div>
</div>
</div>
